 and 6336432.
632
What is the highest common divisor of 140 and 8204?
28
Calculate the highest common divisor of 425160 and 360.
360
Calculate the highest common divisor of 6 and 12949770.
6
Calculate the highest common divisor of 2 and 70306.
2
Calculate the highest common factor of 148400 and 2700.
100
Calculate the greatest common factor of 43593 and 66.
33
Calculate the highest common divisor of 610 and 199165.
305
Calculate the highest common divisor of 3552 and 512.
32
Calculate the highest common divisor of 22790 and 71810.
430
What is the highest common divisor of 9537 and 6259?
11
What is the highest common factor of 40830 and 90?
30
What is the highest common divisor of 261 and 1160?
29
Calculate the highest common divisor of 66933 and 38628.
333
Calculate the greatest common divisor of 1352 and 12376.
104
Calculate the highest common factor of 16906 and 12798.
158
What is the greatest common factor of 50196 and 11748?
1068
Calculate the greatest common divisor of 451347 and 213.
213
What is the greatest common factor of 6 and 164718?
6
What is the highest common factor of 444448 and 3655?
731
What is the highest common divisor of 17650 and 650?
50
Calculate the highest common divisor of 30874 and 6192.
86
Calculate the highest common factor of 84782 and 2.
2
What is the highest common factor of 18 and 507330?
18
Calculate the greatest common factor of 7141 and 518.
37
Calculate the highest common factor of 8064 and 2394.
126
Calculate the highest common factor of 4190274 and 72.
18
What is the greatest common factor of 737 and 1573?
11
Calculate the highest common divisor of 13816 and 792.
88
Calculate the greatest common factor of 341847 and 495.
99
Calculate the highest common factor of 963 and 93732.
321
Calculate the greatest common divisor of 2358 and 981.
9
What is the greatest common divisor of 802 and 589871?
401
What is the greatest common factor of 43907 and 1587?
529
What is the greatest common factor of 6876 and 4775?
191
Calculate the greatest common divisor of 563727 and 3.
3
What is the highest common divisor of 5859 and 124341?
651
Calculate the greatest common divisor of 10064 and 13912.
296
Calculate the greatest common divisor of 571740 and 2340.
780
What is the greatest common factor of 105 and 180964?
7
Calculate the highest common factor of 4726 and 1377.
17
What is the greatest common divisor of 785 and 2202239?
157
What is the greatest common divisor of 628327 and 441?
49
What is the highest common divisor of 2536 and 152?
8
What is the greatest common divisor of 568 and 1192?
8
What is the highest common divisor of 4 and 103164?
4
Calculate the greatest common divisor of 21463 and 2.
1
Calculate the greatest common factor of 704 and 109568.
64
What is the highest common factor of 478 and 601085?
239
What is the highest common factor of 3074 and 97096?
106
Calculate the highest common divisor of 6032 and 16.
16
Calculate the highest common divisor of 561 and 324071.
187
Calculate the highest common factor of 288 and 302688.
288
What is the greatest common factor of 2358 and 69?
3
What is the greatest common factor of 25067 and 112?
7
What is the greatest common divisor of 3 and 435579?
3
Calculate the highest common factor of 115 and 1633.
23
Calculate the highest common divisor of 6 and 1402.
2
What is the greatest common divisor of 92 and 2027105?
23
What is the highest common divisor of 6010 and 370?
10
What is the greatest common divisor of 102 and 1986?
6
What is the highest common divisor of 46305 and 1020?
15
Calculate the highest common divisor of 10654 and 2576.
14
What is the greatest common divisor of 705 and 26385?
15
Calculate the highest common factor of 370 and 3330.
370
What is the highest common divisor of 19089 and 756?
189
What is the highest common divisor of 648 and 42696?
72
What is the greatest common factor of 10725 and 93665?
715
Calculate the greatest common divisor of 22656 and 298368.
384
What is the highest common factor of 45 and 125?
5
Calculate the highest common divisor of 72 and 75699.
9
Calculate the highest common factor of 885522 and 132.
66
Calculate the greatest common factor of 658009 and 2255.
451
Calculate the greatest common factor of 123790 and 30.
10
What is the highest common factor of 15596 and 28?
28
What is the highest common divisor of 10579 and 497?
71
Calculate the highest common divisor of 4070 and 236467.
407
What is the greatest common factor of 3102 and 1518?
66
What is the highest common factor of 12070 and 244970?
170
Calculate the greatest common factor of 703 and 7688711.
703
Calculate the greatest common divisor of 54 and 6042276.
54
What is the highest common factor of 2037579 and 399?
57
Calculate the greatest common factor of 276 and 50577.
69
Calculate the highest common factor of 595 and 24115.
35
Calculate the highest common divisor of 270 and 1240.
10
What is the greatest common factor of 21339 and 1764?
9
What is the greatest common factor of 88190 and 5?
5
Calculate the highest common factor of 35853 and 119.
17
What is the highest common divisor of 4858 and 119?
7
Calculate the highest common divisor of 96 and 14956512.
96
Calculate the greatest common factor of 38 and 308275.
19
What is the greatest common divisor of 2880 and 67455?
45
What is the greatest common divisor of 10115 and 24055?
85
Calculate the greatest common factor of 436 and 632854.
218
Calculate the highest common divisor of 8881 and 9379.
83
Calculate the greatest common divisor of 55918 and 146.
146
Calculate the highest common factor of 42 and 204078.
42
What is the greatest common factor of 783 and 539835?
87
Calculate the highest common factor of 67897 and 903.
43
What is the greatest common factor of 694378 and 664?
166
What is the highest common divisor of 42 and 305319?
21
What is the highest common factor of 618624 and 21168?
432
What is the greatest common factor of 618 and 660333?
309
Calculate the highest common factor of 48 and 4345464.
24
What is the greatest common factor of 308975 and 850?
425
Calculate the highest common factor of 4717 and 289.
1
Calculate the highest common divisor of 100 and 26380.
20
Calculate the highest common divisor of 48 and 632.
8
What is the greatest common factor of 3670 and 6620?
10
Calculate the greatest common divisor of 1310 and 36156.
262
What is the greatest common factor of 4676 and 4382?
14
What is the greatest common divisor of 1508244 and 60?
12
Calculate the greatest common factor of 366654 and 318.
318
What is the greatest common divisor of 1580 and 798690?
790
Calculate the greatest common factor of 3 and 13438.
1
Calculate the greatest common factor of 278866 and 518.
14
Calculate the highest common factor of 1415 and 446857.
283
What is the greatest common factor of 20790 and 350?
70
Calculate the greatest common divisor of 120 and 33380.
20
What is the highest common divisor of 2250 and 380550?
150
What is the highest common divisor of 2760 and 62376?
552
Calculate the highest common divisor of 156 and 2274.
6
Calculate the highest common factor of 10336187 and 34.
17
Calculate the highest common divisor of 5168779 and 2926.
1463
Calculate the greatest common factor of 53 and 368.
1
Calculate the highest common factor of 33 and 12155924.
11
Calculate the highest common divisor of 6780 and 885.
15
Calculate the highest common divisor of 12 and 440.
4
What is the highest common divisor of 7381 and 55?
11
What is the greatest common divisor of 184 and 184966?
46
What is the highest common divisor of 357 and 519?
3
What is the highest common divisor of 6417 and 4371?
93
What is the greatest common factor of 957818 and 8?
2
Calculate the highest common factor of 940571 and 124.
31
Calculate the highest common factor of 3172 and 19764.
244
Calculate the greatest common divisor of 1004612 and 28.
28
What is the greatest common factor of 41331 and 161?
23
What is the greatest common factor of 3695 and 110?
5
What is the highest common divisor of 556 and 47677?
139
What is the greatest common factor of 692 and 468?
4
What is the greatest common factor of 1104 and 91264?
368
What is the greatest common factor of 6726 and 7906?
118
Calculate the highest common divisor of 2478 and 518.
14
What is the highest common fac